 Determine t(0).
-9
Let o(r) = -r - 1. Let p be o(1). Let g(h) = -13*h**2 - 6*h - 2. Let k(z) = -7*z**2 - 3*z - 1. Let m(b) = -6*g(b) + 11*k(b). Determine m(p).
-1
Suppose p = -2*p - 5*d + 16, -d = p - 2. Let r(f) = f**3 + 4*f**2 + 3*f + 1. Calculate r(p).
1
Let t = -7 + 10. Let l(m) = 6*m + 2*m - 3 - t*m + 2. What is l(2)?
9
Let o(p) = -p - 3. Let u be -3 + -3 - -4 - -2. What is o(u)?
-3
Let c(t) = t + 2. Suppose -3*m - 8 = -m. What is c(m)?
-2
Let z = 34 + -20. Let u(k) = -z - 4 + 5 + k. Calculate u(6).
-7
Let d(y) = -y - 4. Suppose -3*j + 9*j - 36 = 0. Give d(j).
-10
Let m(r) be the second derivative of r**2 + 2/3*r**3 + 0 + 6*r. Determine m(-2).
-6
Suppose 0 = -2*u + 5*p + 25 - 4, 4*p + 21 = 3*u. Let a(f) be the second derivative of 1/12*f**4 - f - f**3 + 0 + 3/2*f**2. Give a(u).
-6
Let l(y) = -y - 5. Let o(u) = -3*u**3 + 4*u**3 + u + 5 - 25*u**2 + 24*u**2. Let a be o(0). Determine l(a).
-10
Let t(z) = -z**3 - 4*z**2 - 2*z - 4. Suppose -4 = -i - 8. Calculate t(i).
4
Let h(v) = v - 3. Let c = -3 + 3. Let b = c - -5. Suppose -3*i = b*m + i + 15, -3*i = -5*m - 15. What is h(m)?
-6
Suppose -15 = -3*k - 2*k. Suppose b = -k*u - 11, -4*u - 2*b + 23 = -7*u. Let o(x) = -x + 2. Determine o(u).
7
Suppose -34 = -3*m + 2. Suppose 0 = -5*q + 2 - m. Let h(t) = -t**3 - 3*t**2 + 3*t**2 + 3 - 46*t + 49*t. Determine h(q).
5
Let g(z) = z**2 + 6*z + 1. Suppose 2*u = 3*v + 7, -3*v - 2*v = 3*u + 18. What is g(v)?
-8
Let t(q) be the third derivative of q**6/120 - 7*q**5/60 + q**4/24 - q**3 - 3*q**2. Suppose -2*y = -20 + 6. Give t(y).
1
Let a be 6*-1*(-2)/4. Let y = 4 + -3. Let l = a - y. Let z(p) = -p**3 + 4*p**2 - 2*p - 2. Calculate z(l).
2
Suppose -3*g - 13 = 4*m, -3*g + 5*m = -13 - 10. Let p(c) = 10*c**3 - c + 1 - 3*c**3 + 3*c**3. Give p(g).
10
Let s(j) = 3*j**2 - 1. Let x(b) = b + 10. Let w be x(-12). Give s(w).
11
Let a(m) = -m**2 + m + 1. Let r(h) = -3*h**2 + 3. Let o(g) = -5*a(g) + 2*r(g). Give o(-6).
-5
Let w = 25 + -28. Let m(f) = 8*f**2 - 14*f - 2. Let s(x) = 3*x**2 - 5*x - 1. Let p(i) = 4*m(i) - 11*s(i). Calculate p(w).
-3
Let h(i) be the first derivative of -7*i**3/6 + 2*i - 2. Let z(v) be the first derivative of h(v). Determine z(1).
-7
Let t(q) be the first derivative of q**2/2 + 3*q + 9. Determine t(3).
6
Let z(t) = t - 1. Let s be -2 - 2/(-4)*2. Let x(d) be the first derivative of -5*d**2 + 18*d + 3. Let r(u) = s*x(u) - 12*z(u). Give r(-5).
4
Let v(g) = -g**2 + 3*g + 3. Let k be 1*0/(0 + -1). Suppose k = 5*p - 18 + 3. Give v(p).
3
Suppose -13 = -3*x - 34. Let s(k) = k**2 + 5*k - 6. Determine s(x).
8
Let c = 2 - -3. Let f(w) be the first derivative of -w**3/3 + 5*w**2/2 + 2*w - 1. Calculate f(c).
2
Let z(a) = 5*a + 1. Let o = -18 + 11. Let j(g) = -10*g - 2. Let y(v) = o*z(v) - 4*j(v). Give y(1).
6
Suppose 4*p + 2*r = -2*r + 8, 18 = -3*p + 5*r. Let a(t) = 1 + 14*t - 2*t - 6*t - 5*t - 4*t**2. Calculate a(p).
-4
Let x(k) = -k**2 - 4*k + 1. Let t be x(-4). Suppose 5 + t = -3*u. Let d(s) be the first derivative of -s**3/3 + s**2/2 + s + 2. Calculate d(u).
-5
Let l(c) be the first derivative of c**4/12 + c**3/3 - 3*c**2/2 + 4*c - 2. Let f(k) be the first derivative of l(k). What is f(2)?
5
Let h(g) = -g**3 + 9*g**2 - 9*g + 12. Let f be h(8). Suppose m = -m - 5*l - 17, -5*m + 40 = -f*l. Let x(w) = 3*w - 6 + 3*w - w**2 - w. Determine x(m).
-2
Let l(p) be the second derivative of -7*p**3/6 - p**2/2 - 4*p. What is l(-1)?
6
Let p(z) = -z**3 - 4*z**2 - 3*z - 5. Let h(w) = -w**2 + w + 8. Let u be h(4). What is p(u)?
7
Let z(y) = -y + 8. Let j be z(8). Let b be 3 - 5 - (-1 + j). Let u(c) = -2*c**3 - c**2 - c. Give u(b).
2
Let b = 4 + 2. Let p(v) = -v**2 - v - b + 2*v**2 - 3 - 2. Calculate p(0).
-11
Let y(l) = 25743*l + 2 + l**3 + 5*l**2 - 25742*l - 1. Let k = -17 - -12. Determine y(k).
-4
Let d(j) = 3*j**3 + j**2 - 1. Let w = 11 - 12. What is d(w)?
-3
Let z(i) = 8*i**2 + 0*i**3 + i**3 - 6 - 2*i - 2*i**2. Let l = -18 + 25. Let b = 1 - l. Calculate z(b).
6
Let r(h) be the third derivative of h**5/60 - 5*h**4/24 + 2*h**3/3 - 6*h**2 + 20*h. Let t be ((-3)/(-2))/((-2)/(-4)). Determine r(t).
-2
Let a(o) = -4*o**3 + 5*o**2 - 12*o - 7. Let h(m) = m**3 + m + 1. Let n(d) = -a(d) - 5*h(d). Suppose 2*c + 13 = 1. What is n(c)?
-4
Let r = 9 + -16. Let t(q) = q**2 + 8*q + 2. What is t(r)?
-5
Let y be (-2)/((-5)/((-45)/(-6))). Suppose 2*w - 14 = 4*u, 0*w = -y*u - 2*w. Let r(l) = -2*l - 3. Determine r(u).
1
Let n be 2 + (1 + 1 - -1). Let b(q) = q**2 - 6*q. Let t be b(n). Let m(j) be the second derivative of j**4/12 + 5*j**3/6 + 3*j**2 + 3*j. What is m(t)?
6
Let a(u) be the third derivative of 0 - 2/3*u**3 + 0*u + 1/60*u**5 - 3*u**2 - 5/24*u**4. Determine a(6).
2
Let d(h) = 14*h**2 - 5*h - 4*h**2 + 4 - 9*h**2. Calculate d(6).
10
Let d(i) = -4*i + 5. Let a(g) = -11*g + 14. Let q(p) = -6*a(p) + 17*d(p). Let b = 11 + -15. What is q(b)?
9
Suppose -5*c - 3*w = 76, -2*c - c - w - 44 = 0. Let k = 44 + c. Suppose 5 - k = 5*t. Let h(m) = m**2 + 4*m - 6. Give h(t).
-1
Let m(j) be the first derivative of -j**4/4 - 5*j**3/3 - 2*j**2 - 10. Calculate m(-3).
-6
Let q(n) = n**3 - 3*n**2 + 2. Let j be 2 + 0 + (-6)/(-1). Suppose 4*s + 0 = j. Calculate q(s).
-2
Let k(w) = w**2 - 2*w - 3. Let f = 9 - 5. What is k(f)?
5
Let l(p) = -6*p. Let i = 10 - 8. Let k(t) = 4*t + 6*t**2 - 5*t**i + 5 - 3*t - 4. Let r(o) = -k(o) - l(o). Determine r(3).
5
Let q be (-10)/1*(-7 - (-91)/14). Let v(j) = j**2 - 4*j + 1. Calculate v(q).
6
Let d(g) = -g + 4. Suppose 0 = -z - 5 - 0. Let q(s) = -2*s + 9. Let b(j) = z*d(j) + 3*q(j). Calculate b(7).
0
Let h = 1609/12 - 134. Let w(j) be the second derivative of 0 + h*j**4 + 1/2*j**2 - j + 2/3*j**3. Determine w(-3).
-2
Let q(h) = h**2 + 5*h - 3*h - h - 1 - h**3. Let k(c) = 3*c - 8. Let i be k(3). Determine q(i).
0
Let l(c) = c**2 - 9*c + 7. Let q(p) = 5*p + 44. Let s be q(-7). Determine l(s).
7
Let c = -25 - -24. Let a(r) = 4*r**2 - 2*r - 1. Determine a(c).
5
Let j(l) = -3 + 3 - 1 + 2 + 6*l. Let y be -2 - (0 + 0) - -1. Determine j(y).
-5
Let r(b) = 3. Let k(v) = -v + 8. Let z(y) = 2*k(y) - 7*r(y). Calculate z(5).
-15
Let b(s) = -4*s + 13 + 4*s - 9*s - 12. Calculate b(1).
-8
Let j(q) = -5*q - 2 - 4 - q**2 + 2. Let p = -4 - -6. Suppose 0 = 2*a + p*a + 12. Calculate j(a).
2
Let k(j) = j**3 - j**2 + j - 1. Let q(p) = -6*p - 1 - 4*p - 5 - 4*p**3 - 4*p**2. Let g(u) = 3*k(u) + q(u). Give g(-6).
-3
Let p = -317 - -313. Let x(z) = -3 + 2 + 5 - 2*z. Determine x(p).
12
Let d(z) be the first derivative of 7*z**2/2 + z - 5. Let o(x) = -10*x - 2. Suppose 0 = -g + 3*g - 10. Let f(s) = g*o(s) + 7*d(s). Give f(-4).
1
Suppose 3 = -0*y - 3*y. Let b(u) be the second derivative of -u**4/2 + u**3/6 + 2*u. Calculate b(y).
-7
Let o(m) be the third derivative of m**6/120 - m**5/20 - 5*m**4/24 + 7*m**2. Suppose -4*h - 3 = 5*p + 1, 5*p = -2*h - 12. What is o(h)?
-4
Let k(c) = -c**2 - c - 1. Let t(p) = -p**3 + 3*p**2 + 2*p + 3. Let s be t(4). Let n(z) = z**3 + 3*z**2 + 9*z + 3. Let b(u) = s*k(u) - n(u). Calculate b(2).
-6
Suppose -20 = -5*o + o. Let b(m) = 5*m**2 + 6*m + 7. Let t(x) = 11*x**2 + 12*x + 15. Let a be (4/(-6))/((-4)/78). Let n(v) = a*b(v) - 6*t(v). What is n(o)?
6
Let s(f) = 7*f - 5*f + 2 + 4. Calculate s(-6).
-6
Suppose -2*y + 0*p + 8 = -p, -3*y = -3*p - 12. Let j(i) be the second derivative of 1/12*i**y - i - i**2 - 1/6*i**3 - 1/20*i**5 + 0. What is j(2)?
-8
Let m(y) = y. Let x(o) = 4. Let u(t) = 2*m(t) - x(t). Let i = -127 + 133. Give u(i).
8
Let a be (2 - 0)/((-2)/4). Let l be ((-2)/4)/(1/a). Let n(h) = 5 + 0*h**3 - h**3 - h**l - 4*h - 4*h**2. Calculate n(-4).
5
Let u(g) = g - 12*g + 4*g - 10 + 6*g. What is u(-8)?
-2
Let t(g) be the third derivative of -g**5/60 - 7*g**4/24 - g**3/6 - 40*g**2. Determine t(-5).
9
Let d = -34 + 36. Let a(v) = 6*v - 2. Determine a(d).
10
Let i(t) = t + 10. Let m be i(-7). Let k(o) = 0*o + o - o - o**2 + o + 4. Determine k(m).
-2
Let i = 0 + 0. Let j(h) = -h**3 + 28*h**2 + 9 - 28*h**2. Give j(i).
9
Let a(w) = w**2 + 5*w - 2. Suppose 36 = -2*t + t + 2*u, 0 = -4*t + u - 130. Let c = -17 - t. Suppose 2*f - 5*f - 2*p = 14, p = 4*f + c. What is a(f)?
-6
Let x(r) = -48*r + 44*r - 1 + 4. Suppose 4 = 2*n + b, 5*b + 6 = 2*n + n. What is x(n)?
-5
Let t(l) be the third derivative of -l**4/24 - l**3/6 + 2*l**2. Give t(-6).
5
Let k be 2/4*6*-2. Let r(z) = 2*z**3 - 2*